{"id":25,"date":"2013-03-02T19:35:28","date_gmt":"2013-03-02T17:35:28","guid":{"rendered":"http:\/\/www.statwerk.de\/?page_id=25"},"modified":"2024-11-20T19:24:53","modified_gmt":"2024-11-20T17:24:53","slug":"kundenprojekte","status":"publish","type":"page","link":"https:\/\/www.statwerk.de\/?page_id=25","title":{"rendered":"Kunden\/Projekte"},"content":{"rendered":"\n<pre class=\"wp-block-code\"><code><div>\n<p><strong style=\"font-size: revert; background-color: initial; font-family: inherit; color: inherit;\">Kunden (Auswahl)<\/strong><\/p><\/div><div><p>- Capgemini Deutschland, Frankfurt a. M.\n- Explanandum GmbH\n- Gradlinig, D\u00fcsseldorf\n- Idee-n, Ostfildern\n- Janser GmbH\n- Netzwerk f\u00fcr Planung und Kommunikation, Stuttgart\n- Nic-Media, Stuttgart\n- Rubycom, Babenhausen\n- Sportkreis Stuttgart\n<\/p><\/div>\n<div><p>\n<strong>Ver\u00f6ffentlichungen seit 2005<\/strong><\/p><p>- <a href=\"https:\/\/www.statwerk.de\/wp-content\/uploads\/2014\/03\/indicatus-Breitbandstudie_Ba-W%C3%BC_MinLR_2013-14.pdf\" target=\"_blank\" rel=\"noopener noreferrer\">Gebauer, I., Anders, J., Luley, T. (2014): Untersuchung des Bedarfs von Glasfaseranschl\u00fcssen der Wirtschaft im Land Baden W\u00fcrttemberg. Auswertung einer Unternehmensbefragung in Baden-W\u00fcrttemberg 2013-2014.<\/a><\/p>\n<p>- Luley, T., Scheid, K. (2012): IT-Trends aus Unternehmenssicht. In: Gr\u00e4f, P., Rauh, J.: Innovative Anwendungen von IKT, S. 65-76.<\/p>\n<p>- Luley, T., M\u00fcller, J., Dalaker, M., Ritter, S., Hauber, S. (2010): Potentials of electric mobility in Germany and the US on the basis of car movement patterns and car immobilisation time patterns.In: Networks for Mobility 2010.<\/p>\n<p>- Gebauer, I., Luley, T., Breuninger, C. (2009): Breitbandzugang als Standortfaktor f\u00fcr Unternehmen - Auswertung einer Unternehmensbefragung. Die Gemeinde (BWGZ).Heft 18\/2009.<\/p>\n<p>- Gebauer, Iris; Luley, Torsten; Breuninger; Clemens (2009): Breitbandzugang als Standortfaktor f\u00fcr Unternehmen im l\u00e4ndlichen Raum Baden W\u00fcrttembergs. (Download)<\/p>\n<p>- Gebauer, Iris; Luley, Torsten (2007): Chancen und Risiken der Neuen Medien f\u00fcr den l\u00e4ndlichen Raum. Dargestellt am Beispiel Baden-W\u00fcrttemberg.<\/p>\n<p>- Nobis, Claudia; Luley, Torsten (2007): Personenwirtschaftsverkehr in Deutschland \u2013 Empirische Befunde auf Grundlage der KiD 2002 und MiD 2002. In: Nobis, Claudia; Lenz, Barbara (Hrsg.): Wirtschaftsverkehr: Alles in Bewegung?. Mannheim.<\/p>\n<p>- Dalaker, Michael; Luley, Torsten (2006): Demographic development and mobility patterns: activity spaces of elderly people in Germany yesterday, today and tomorrow. Lecture at 3rd international symposium \"Networks for mobility\". Stuttgart.<\/p>\n<p>- Gebauer Iris; Luley, Torsten (2006): Die Nutzung von IuK-Technologien im L\u00e4ndlichen Raum -\u00ad Inwiefern ist der L\u00e4ndliche Raum in Deutschland und Europa eingebunden in das System der globalen Kommunikation? In: Geographische Rundschau 58, H. 7\/8.<\/p>\n<p>- Luley, Torsten und Nobis, Claudia (Hrsg.) (2005): Mobilit\u00e4tsforschung: Fragestellungen und empirische Analysen von Mobilit\u00e4tsdaten. Ergebnisse eines Projektseminars zum Mobilit\u00e4tsverhalten der Berliner Bev\u00f6lkerung. Berlin.<\/p>\n<p>- Franken, V.; Luley, T.: Verkehrstelematik und Analysen zu ihrer Akzeptanz: Sachstand \u2013 Defizite \u2013 Potenziale, In: Forschungsgesellschaft f\u00fcr Strassen und Verkehrswesen (FGSV)&#91;Hrsg.]: HEUREKA '05. Optimierung in Verkehr und Transport, FGSV Verlag GmbH, Jahrgang 2005, S. 71-89.<\/p>\n<\/div><\/code><\/pre>\n","protected":false},"excerpt":{"rendered":"","protected":false},"author":1,"featured_media":0,"parent":0,"menu_order":0,"comment_status":"closed","ping_status":"closed","template":"","meta":{"footnotes":""},"class_list":["post-25","page","type-page","status-publish"],"_links":{"self":[{"href":"https:\/\/www.statwerk.de\/index.php?rest_route=\/wp\/v2\/pages\/25","targetHints":{"allow":["GET"]}}],"collection":[{"href":"https:\/\/www.statwerk.de\/index.php?rest_route=\/wp\/v2\/pages"}],"about":[{"href":"https:\/\/www.statwerk.de\/index.php?rest_route=\/wp\/v2\/types\/page"}],"author":[{"embeddable":true,"href":"https:\/\/www.statwerk.de\/index.php?rest_route=\/wp\/v2\/users\/1"}],"replies":[{"embeddable":true,"href":"https:\/\/www.statwerk.de\/index.php?rest_route=%2Fwp%2Fv2%2Fcomments&post=25"}],"version-history":[{"count":35,"href":"https:\/\/www.statwerk.de\/index.php?rest_route=\/wp\/v2\/pages\/25\/revisions"}],"predecessor-version":[{"id":508,"href":"https:\/\/www.statwerk.de\/index.php?rest_route=\/wp\/v2\/pages\/25\/revisions\/508"}],"wp:attachment":[{"href":"https:\/\/www.statwerk.de\/index.php?rest_route=%2Fwp%2Fv2%2Fmedia&parent=25"}],"curies":[{"name":"wp","href":"https:\/\/api.w.org\/{rel}","templated":true}]}}